-- ============================================================
-- LMS 게시판/콘텐츠 샘플 데이터
-- 대상: 학습자료실, 경력개발자료실, 프로그램다운로드, 상담, 학습후기, 사업주접수
-- 날짜: 2026-03-24
-- ============================================================

SET NAMES utf8mb4;

-- ============================================================
-- 1. 학습자료실 카테고리 + 자료
-- ============================================================
INSERT INTO lms_resource_category (cat_id, parent_id, cat_name, depth, sort_order, use_yn) VALUES
(1, 0, '산업안전', 1, 1, 'Y'),
(2, 0, '개인정보보호', 1, 2, 'Y'),
(3, 0, '직무역량', 1, 3, 'Y'),
(4, 1, '안전관리 일반', 2, 1, 'Y'),
(5, 1, '화학물질 안전', 2, 2, 'Y'),
(6, 3, 'IT/디지털', 2, 1, 'Y'),
(7, 3, '리더십/조직관리', 2, 2, 'Y')
ON DUPLICATE KEY UPDATE cat_name = VALUES(cat_name);

INSERT INTO lms_resource (resource_id, cat_id, title, content, file_name, file_path, file_size, file_ext, view_count, download_count, is_public, reg_admin_id, del_yn, reg_date) VALUES
(1,  4, '2026년 산업안전보건법 개정 요약', '2026년 시행되는 산업안전보건법 주요 개정 내용을 정리한 자료입니다.', '2026_산업안전법_개정요약.pdf', '/uploads/resource/2026_safety_law.pdf', 2048000, 'pdf', 345, 198, 'Y', 1, 'N', '2026-01-10 09:00:00'),
(2,  4, '관리감독자 안전교육 교안 (PPT)', '관리감독자 대상 정기 안전교육 시 활용할 수 있는 표준 교안입니다.', '관리감독자_안전교육_교안.pptx', '/uploads/resource/supervisor_safety.pptx', 5120000, 'pptx', 512, 287, 'Y', 1, 'N', '2026-01-15 10:30:00'),
(3,  5, '화학물질 취급 안전 가이드', 'MSDS 확인 방법부터 보호구 착용까지 화학물질 취급 시 준수사항을 안내합니다.', '화학물질_취급_가이드.pdf', '/uploads/resource/chemical_guide.pdf', 3072000, 'pdf', 178, 95, 'Y', 1, 'N', '2026-02-01 14:00:00'),
(4,  2, '개인정보보호법 실무 체크리스트', '사업장에서 점검해야 할 개인정보보호 항목을 체크리스트 형태로 제공합니다.', '개인정보보호_체크리스트.xlsx', '/uploads/resource/privacy_checklist.xlsx', 512000, 'xlsx', 623, 412, 'Y', 2, 'N', '2026-01-20 11:00:00'),
(5,  2, '정보보호 교육자료 (2026)', '전 직원 대상 연간 정보보호 교육 시 활용할 수 있는 교안입니다.', '정보보호_교육자료_2026.pptx', '/uploads/resource/infosec_2026.pptx', 4096000, 'pptx', 290, 156, 'Y', 2, 'N', '2026-02-10 09:30:00'),
(6,  6, 'AI 활용 업무효율화 가이드북', 'ChatGPT, Copilot 등 AI 도구를 업무에 활용하는 방법을 소개합니다.', 'AI_업무활용_가이드북.pdf', '/uploads/resource/ai_guide.pdf', 6144000, 'pdf', 892, 534, 'Y', 1, 'N', '2026-02-20 13:00:00'),
(7,  6, '엑셀 실무 단축키 모음', '업무에서 바로 활용할 수 있는 엑셀 핵심 단축키 100선입니다.', '엑셀_단축키_100선.pdf', '/uploads/resource/excel_shortcuts.pdf', 1024000, 'pdf', 1024, 678, 'Y', 2, 'N', '2026-01-05 15:00:00'),
(8,  7, '팀장 리더십 코칭 매뉴얼', '신임 팀장을 위한 리더십 코칭 실무 매뉴얼입니다.', '리더십_코칭_매뉴얼.pdf', '/uploads/resource/leadership_coaching.pdf', 3584000, 'pdf', 156, 89, 'N', 1, 'N', '2026-03-01 10:00:00'),
(9,  4, '근골격계 예방체조 영상 가이드', 'VDT 작업자를 위한 스트레칭 및 예방체조 가이드 자료입니다.', '근골격계_예방체조.pdf', '/uploads/resource/stretching_guide.pdf', 2560000, 'pdf', 445, 201, 'Y', 1, 'N', '2026-03-10 08:30:00'),
(10, 7, '성과면담 스크립트 템플릿', '분기별 성과면담 시 활용 가능한 대화 구조 및 질문 목록 템플릿입니다.', '성과면담_스크립트.docx', '/uploads/resource/performance_review.docx', 256000, 'docx', 210, 134, 'Y', 2, 'N', '2026-03-15 11:30:00')
ON DUPLICATE KEY UPDATE title = VALUES(title);


-- ============================================================
-- 2. 경력개발 자료실 카테고리 + 자료
-- ============================================================
INSERT INTO lms_career_category (cat_id, parent_id, cat_name, depth, sort_order, use_yn) VALUES
(1, 0, '자기계발', 1, 1, 'Y'),
(2, 0, '자격증 안내', 1, 2, 'Y'),
(3, 0, '채용/이직', 1, 3, 'Y'),
(4, 1, '자기소개서/이력서', 2, 1, 'Y'),
(5, 2, '국가기술자격', 2, 1, 'Y'),
(6, 2, '민간자격', 2, 2, 'Y')
ON DUPLICATE KEY UPDATE cat_name = VALUES(cat_name);

INSERT INTO lms_career_resource (career_id, cat_id, title, content, resource_type, file_name, file_path, file_size, file_ext, link_url, view_count, download_count, is_public, reg_admin_id, del_yn, reg_date) VALUES
(1, 4, '이력서 작성 가이드 (2026)', '최신 채용 트렌드를 반영한 이력서 작성 가이드입니다. 직군별 예시 포함.', 'FILE', '이력서_작성가이드_2026.pdf', '/uploads/career/resume_guide_2026.pdf', 2048000, 'pdf', NULL, 456, 234, 'Y', 1, 'N', '2026-01-08 10:00:00'),
(2, 4, '자기소개서 합격 사례집', '대기업, 공기업 합격 자기소개서 30편을 분석한 사례집입니다.', 'FILE', '자소서_합격사례집.pdf', '/uploads/career/cover_letter_cases.pdf', 4096000, 'pdf', NULL, 789, 445, 'Y', 1, 'N', '2026-01-15 14:00:00'),
(3, 5, '산업안전기사 시험 안내', '산업안전기사 자격시험 일정, 과목, 합격기준 등 상세 안내입니다.', 'LINK', NULL, NULL, 0, NULL, 'https://www.q-net.or.kr/crf005.do?id=crf00505&jmCd=7530', 312, 0, 'Y', 2, 'N', '2026-02-01 09:00:00'),
(4, 5, '인간공학기사 핵심요약 노트', '인간공학기사 필기 핵심 내용을 요약한 학습 노트입니다.', 'FILE', '인간공학기사_핵심요약.pdf', '/uploads/career/ergo_summary.pdf', 1536000, 'pdf', NULL, 198, 112, 'Y', 2, 'N', '2026-02-10 11:00:00'),
(5, 6, 'SMAT 서비스경영자격 안내', 'SMAT(서비스경영능력) 자격 안내 및 학습 로드맵 자료입니다.', 'FILE', 'SMAT_자격안내.pdf', '/uploads/career/smat_guide.pdf', 1024000, 'pdf', NULL, 145, 67, 'Y', 1, 'N', '2026-02-20 13:30:00'),
(6, 1, '직장인 시간관리 기법 TOP 10', '바쁜 직장인을 위한 효율적 시간관리 기법 10가지를 소개하는 영상입니다.', 'VIDEO', NULL, NULL, 0, NULL, 'https://www.youtube.com/watch?v=example123', 567, 0, 'Y', 1, 'N', '2026-03-01 15:00:00'),
(7, 3, '2026 상반기 채용시장 동향 리포트', '주요 산업별 채용 트렌드와 인재상 변화를 분석한 리포트입니다.', 'FILE', '2026_상반기_채용동향.pdf', '/uploads/career/recruit_trend_2026.pdf', 3072000, 'pdf', NULL, 634, 389, 'Y', 2, 'N', '2026-03-10 09:00:00'),
(8, 1, '마인드맵으로 정리하는 경력개발 계획서', '자신의 역량과 목표를 마인드맵으로 정리하는 경력개발 계획 템플릿입니다.', 'FILE', '경력개발_마인드맵.xlsx', '/uploads/career/career_mindmap.xlsx', 512000, 'xlsx', NULL, 234, 156, 'Y', 1, 'N', '2026-03-18 10:30:00')
ON DUPLICATE KEY UPDATE title = VALUES(title);


-- ============================================================
-- 3. 프로그램 다운로드 카테고리 + 프로그램
-- ============================================================
INSERT INTO lms_download_category (cat_id, cat_name, sort_order, use_yn) VALUES
(1, '뷰어 프로그램', 1, 'Y'),
(2, '학습 플레이어', 2, 'Y'),
(3, '보안 프로그램', 3, 'Y'),
(4, '기타 유틸리티', 4, 'Y')
ON DUPLICATE KEY UPDATE cat_name = VALUES(cat_name);

INSERT INTO lms_download (download_id, cat_id, title, description, os_type, version, file_name, file_path, file_size, file_ext, link_url, download_count, is_required, sort_order, use_yn, reg_admin_id, del_yn, reg_date) VALUES
(1, 1, 'Adobe Acrobat Reader DC', 'PDF 파일 열람 및 인쇄를 위한 필수 프로그램입니다.', 'ALL', '24.003', NULL, NULL, 0, NULL, 'https://get.adobe.com/kr/reader/', 1245, 'Y', 1, 'Y', 1, 'N', '2026-01-01 09:00:00'),
(2, 1, '한글 뷰어 2024', '한글(HWP) 문서를 열람하기 위한 무료 뷰어입니다.', 'WIN', '2024.1', NULL, NULL, 0, NULL, 'https://www.hancom.com/viewer.do', 876, 'N', 2, 'Y', 1, 'N', '2026-01-01 09:01:00'),
(3, 2, 'LMS 학습 플레이어 (Windows)', '온라인 학습 시 인증 및 진도체크를 위한 학습 전용 플레이어입니다.', 'WIN', '3.2.1', 'LMS_Player_Setup_3.2.1.exe', '/uploads/download/LMS_Player_3.2.1.exe', 45056000, 'exe', NULL, 2340, 'Y', 1, 'Y', 1, 'N', '2026-01-05 10:00:00'),
(4, 2, 'LMS 학습 플레이어 (Mac)', '맥OS 환경에서 학습을 위한 전용 플레이어입니다.', 'MAC', '3.2.0', 'LMS_Player_3.2.0.dmg', '/uploads/download/LMS_Player_3.2.0.dmg', 52428800, 'dmg', NULL, 567, 'Y', 2, 'Y', 1, 'N', '2026-01-05 10:01:00'),
(5, 3, '키보드 보안 프로그램', '시험 응시 시 화면캡처 방지 및 키보드 보안을 위한 프로그램입니다.', 'WIN', '1.8.5', 'KBSecurity_Setup.exe', '/uploads/download/KBSecurity_1.8.5.exe', 12288000, 'exe', NULL, 1890, 'Y', 1, 'Y', 1, 'N', '2026-01-10 11:00:00'),
(6, 3, '화면 워터마크 플러그인', '학습 화면에 워터마크를 표시하여 불법복제를 방지하는 플러그인입니다.', 'WIN', '2.1.0', 'Watermark_Plugin_2.1.0.exe', '/uploads/download/watermark_2.1.0.exe', 8192000, 'exe', NULL, 645, 'N', 2, 'Y', 2, 'N', '2026-02-01 09:00:00'),
(7, 4, 'Chrome 브라우저', '안정적인 학습 환경을 위해 최신 Chrome 브라우저를 권장합니다.', 'ALL', '122.0', NULL, NULL, 0, NULL, 'https://www.google.com/chrome/', 456, 'N', 1, 'Y', 1, 'N', '2026-01-01 09:02:00'),
(8, 4, 'Zoom 클라이언트', '실시간 화상 강의 참여를 위한 Zoom 프로그램입니다.', 'ALL', '6.0.0', NULL, NULL, 0, NULL, 'https://zoom.us/download', 789, 'N', 2, 'Y', 2, 'N', '2026-02-15 14:00:00')
ON DUPLICATE KEY UPDATE title = VALUES(title);


-- ============================================================
-- 4. 상담 분류 + 상담 내역
-- ============================================================
INSERT INTO lms_counseling_category (cat_id, cat_name, cat_type, sort_order, use_yn) VALUES
(1, '과정문의', 'T', 1, 'Y'),
(2, '수강신청/결제', 'T', 2, 'Y'),
(3, '시스템 오류', 'T', 3, 'Y'),
(4, '환불/취소', 'T', 4, 'Y'),
(5, '직장 내 괴롭힘', 'C', 1, 'Y'),
(6, '성희롱/성폭력', 'C', 2, 'Y'),
(7, '기타 고충', 'C', 3, 'Y')
ON DUPLICATE KEY UPDATE cat_name = VALUES(cat_name);

INSERT INTO lms_counseling (counseling_id, cat_id, counseling_type, member_id, member_name, member_phone, member_email, company_name, subject, content, answer, status, priority, admin_id, answered_at, answered_admin_id, course_id, del_yn, reg_date) VALUES
(1, 1, 'T', 1, '홍길동', '010-1111-0001', 'hong@test.com', '(주)테스트기업', '관리감독자 교육 일정 문의', '관리감독자 안전교육 2분기 일정이 어떻게 되나요? 우리 회사는 4월 중에 진행하고 싶습니다.', '안녕하세요 홍길동님. 2분기 관리감독자 안전교육은 4/1~4/30 기간에 수시 개설됩니다. 기업 단체수강 문의는 02-1234-5678로 연락 부탁드립니다.', 'D', 2, 1, '2026-01-16 10:00:00', 1, 1, 'N', '2026-01-15 09:30:00'),
(2, 2, 'T', 2, '김영희', '010-2222-0002', 'kim@test.com', '(주)테스트기업', '수강신청 후 결제가 안됩니다', '개인정보보호 교육 수강신청을 했는데 결제 페이지에서 오류가 발생합니다. 카드사는 하나카드입니다.', '안녕하세요 김영희님. 하나카드 결제 모듈 일시 장애가 있었으며 현재 복구 완료되었습니다. 다시 시도해 주세요.', 'D', 1, 2, '2026-01-21 14:00:00', 2, NULL, 'N', '2026-01-20 16:00:00'),
(3, 3, 'T', 3, '박철수', '010-3333-0003', 'park@test.com', '(주)이노베이션', '학습 플레이어 설치 오류', 'Windows 11 환경에서 LMS 학습 플레이어 설치 시 "호환되지 않는 프로그램" 오류가 발생합니다. 버전 3.1.0입니다.', '안녕하세요 박철수님. 3.2.1 최신 버전으로 업데이트해 주세요. 프로그램 다운로드 메뉴에서 받으실 수 있습니다.', 'D', 2, 1, '2026-02-06 11:00:00', 1, NULL, 'N', '2026-02-05 10:30:00'),
(4, 4, 'T', 4, '이수연', '010-4444-0004', 'lee_sy@test.com', NULL, '환불 요청합니다', 'AI 활용 과정을 수강신청했는데 업무사정으로 수강이 어렵게 되었습니다. 환불 가능할까요? 아직 1차시도 수강하지 않았습니다.', NULL, 'W', 2, NULL, NULL, NULL, 3, 'N', '2026-03-20 11:00:00'),
(5, 1, 'T', 5, '정민수', '010-5555-0005', 'jung@test.com', '(주)안전파트너', '법정의무교육 커리큘럼 문의', '법정의무교육(성희롱 예방, 장애인인식개선, 직장내괴롭힘) 커리큘럼과 수료 기준이 어떻게 되나요?', NULL, 'W', 2, NULL, NULL, NULL, NULL, 'N', '2026-03-22 09:00:00'),
(6, 2, 'T', 1, '홍길동', '010-1111-0001', 'hong@test.com', '(주)테스트기업', '단체수강 할인 문의', '직원 50명 단체수강 시 할인 적용이 되나요? 견적서도 받을 수 있을까요?', '단체수강 30인 이상 시 20% 할인이 적용됩니다. 견적서는 이메일로 발송해 드리겠습니다.', 'D', 2, 2, '2026-03-02 16:00:00', 2, 1, 'N', '2026-03-01 14:30:00'),
(7, 5, 'C', 2, '김영희', '010-2222-0002', 'kim@test.com', '(주)테스트기업', '부서 내 부당 업무지시 관련 상담', '동일 부서 상사로부터 반복적으로 업무 외 개인적인 심부름을 강요당하고 있습니다. 거부 시 인사고과에 불이익을 준다고 합니다.', NULL, 'P', 1, 2, NULL, NULL, NULL, 'N', '2026-03-18 13:00:00'),
(8, 7, 'C', NULL, '비회원상담자', '010-9999-0099', 'noname@test.com', '기업미상', '교육 수료증 위변조 신고', '타 업체에서 귀사 수료증을 위조하여 사용하고 있는 것 같아 신고합니다.', NULL, 'W', 1, NULL, NULL, NULL, NULL, 'N', '2026-03-23 16:00:00'),
(9, 3, 'T', 3, '박철수', '010-3333-0003', 'park@test.com', '(주)이노베이션', '시험 도중 화면 먹통', '최종평가 응시 중 15분쯤에 화면이 하얗게 변하면서 답안이 전부 날아갔습니다. 재응시가 가능한가요?', '시험 중 네트워크 단절로 인한 현상으로 확인됩니다. 재응시 1회 추가 부여해 드렸습니다.', 'D', 1, 1, '2026-03-24 10:00:00', 1, 1, 'N', '2026-03-23 18:30:00'),
(10, 1, 'T', NULL, '비회원문의자', '010-8888-0088', 'guest@email.com', NULL, '회원가입 없이 교육 가능한지', '회원가입 없이 무료 과정만 수강 가능한지 문의드립니다.', NULL, 'W', 3, NULL, NULL, NULL, NULL, 'N', '2026-03-24 08:00:00')
ON DUPLICATE KEY UPDATE subject = VALUES(subject);


-- ============================================================
-- 5. 학습후기
-- ============================================================
INSERT INTO lms_review (review_id, course_id, member_id, enroll_id, rating, content, is_public, admin_reply, replied_at, replied_admin_id, report_count, blind_yn, del_yn, reg_date) VALUES
(1, 1, 1, 1, 5, '관리감독자 교육으로 들었는데 실무 사례가 풍부해서 정말 유익했습니다. 특히 사고 사례 분석이 인상적이었어요. 주변 동료들에게도 추천하고 있습니다.', 'Y', '좋은 후기 감사합니다! 앞으로도 실무 중심의 교육 콘텐츠로 보답하겠습니다.', '2026-02-10 10:00:00', 1, 0, 'N', 'N', '2026-02-08 17:00:00'),
(2, 1, 2, 2, 4, '전반적으로 괜찮은 교육이었습니다. 다만 8차시 이후 내용이 좀 반복되는 느낌이 들었어요. 퀴즈 난이도는 적절했습니다.', 'Y', NULL, NULL, NULL, 0, 'N', 'N', '2026-02-15 14:30:00'),
(3, 2, 3, 3, 5, '개인정보보호 교육 매우 만족합니다. 업무에서 바로 적용할 수 있는 내용이라 실용적이었습니다. 특히 사례 기반 문제풀이가 좋았어요.', 'Y', '소중한 후기 감사합니다. 실무 적용 사례를 계속 업데이트하겠습니다.', '2026-02-22 09:00:00', 2, 0, 'N', 'N', '2026-02-20 12:00:00'),
(4, 2, 4, 4, 3, '내용은 괜찮은데 영상 화질이 좀 아쉽고, 자막이 없어서 소리를 못 키우는 환경에서 학습하기 어려웠습니다.', 'Y', '화질 및 자막 관련 피드백 감사합니다. 개선 반영하도록 하겠습니다.', '2026-03-03 16:00:00', 1, 0, 'N', 'N', '2026-03-01 10:00:00'),
(5, 3, 1, 5, 5, 'AI 활용 교육 정말 최고였습니다!! 프롬프트 작성법부터 실제 업무 적용까지 체계적으로 알려줘서 바로 업무에 활용하고 있습니다.', 'Y', NULL, NULL, NULL, 0, 'N', 'N', '2026-03-10 09:30:00'),
(6, 3, 5, 6, 4, 'AI 교육 기대 이상이었습니다. 다만 고급 과정도 있으면 좋겠습니다. 기본 과정은 너무 빨리 끝나는 느낌.', 'Y', '고급 과정은 4월 중 오픈 예정입니다. 관심 감사합니다!', '2026-03-15 11:00:00', 2, 0, 'N', 'N', '2026-03-12 16:00:00'),
(7, 1, 5, 7, 2, '솔직히 교육 내용이 10년 전 내용 같습니다. 최신 법규 반영이 안 된 부분이 많아요. 업데이트가 필요합니다.', 'Y', '소중한 의견 감사합니다. 2026년 개정법 반영하여 콘텐츠 업데이트 진행 중입니다.', '2026-03-20 14:00:00', 1, 0, 'N', 'N', '2026-03-18 11:00:00'),
(8, 1, 3, 8, 1, '쓰레기 교육. 돈 아깝다.', 'Y', NULL, NULL, NULL, 3, 'Y', 'N', '2026-03-19 20:00:00'),
(9, 2, 5, 9, 4, '법정의무교육 중에서 가장 깔끔하게 정리된 과정이었습니다. 내년에도 이 과정으로 수강하고 싶습니다.', 'Y', NULL, NULL, NULL, 0, 'N', 'N', '2026-03-22 14:00:00'),
(10, 3, 2, 10, 5, 'AI 교육을 이렇게 쉽게 설명해주는 곳은 처음이에요. 업무 효율이 확실히 올라갔습니다. 감사합니다!', 'Y', '정말 기쁜 후기네요! 앞으로도 실무 중심 교육을 제공하겠습니다.', '2026-03-24 09:00:00', 1, 0, 'N', 'N', '2026-03-23 17:00:00')
ON DUPLICATE KEY UPDATE content = VALUES(content);


-- ============================================================
-- 6. 사업주 교육신청 접수
-- ============================================================
INSERT INTO lms_company_request (request_id, company_id, company_name, manager_name, manager_tel, manager_email, emp_count, course_id, class_id, edu_type, legal_type, hope_start_date, request_memo, status, process_memo, process_by, process_at, created_at) VALUES
(1, 'COMP001', '(주)테스트기업', '김인사', '02-1234-5678', 'hr@testcorp.com', 30, 1, 1, 'COMPANY', '', '2026-02-01', '관리감독자 안전교육 30명 단체수강 신청합니다. 2월 내 수료 가능하도록 일정 조율 부탁드립니다.', 'A', '2월 1일~2월 28일 기간으로 1차수 배정 완료. 단체 수강료 20% 할인 적용.', 1, '2026-01-18 11:00:00', '2026-01-15 10:00:00'),
(2, 'COMP002', '(주)이노베이션', '박총무', '02-9876-5432', 'admin@innov.co.kr', 15, 2, 0, 'LEGAL', '성희롱예방', '2026-03-01', '법정의무교육(성희롱예방교육) 15명 교육 요청합니다. 3월 법정기한 전 수료 필요합니다.', 'A', '3/1~3/31 기간 차수 신규 개설. 명단 업로드 완료.', 2, '2026-02-20 14:30:00', '2026-02-15 09:00:00'),
(3, 'COMP003', '(주)안전파트너', '정안전', '031-555-1234', 'safety@partner.kr', 50, 1, 0, 'COMPANY', '', '2026-04-01', '2분기 관리감독자 교육 50명 일괄 신청합니다. 기업 맞춤형 교안 추가 가능한지 문의드립니다.', 'R', '맞춤형 교안 가능 여부 교육개발팀 확인 중.', 1, NULL, '2026-03-10 11:00:00'),
(4, '', '새롬테크', '이대리', '02-333-4444', 'lee@saerom.com', 10, 3, 0, 'COMPANY', '', '2026-04-15', 'AI 활용 교육 10명 신청합니다. 비회원 기업이라 가입은 추후 하겠습니다.', 'W', NULL, 0, NULL, '2026-03-18 15:00:00'),
(5, 'COMP001', '(주)테스트기업', '김인사', '02-1234-5678', 'hr@testcorp.com', 25, 2, 0, 'LEGAL', '직장내괴롭힘', '2026-04-01', '직장내괴롭힘예방교육 25명 추가 신청합니다. 지난번 성희롱예방과 동일 인원입니다.', 'W', NULL, 0, NULL, '2026-03-20 09:30:00'),
(6, 'COMP002', '(주)이노베이션', '박총무', '02-9876-5432', 'admin@innov.co.kr', 20, 1, 0, 'COMPANY', '', '2026-05-01', '5월 관리감독자 안전교육 20명 사전 접수합니다. 수강기간은 5/1~5/31 희망합니다.', 'W', NULL, 0, NULL, '2026-03-22 14:00:00'),
(7, '', '미래교육(주)', '최팀장', '02-777-8888', 'choi@miraedu.com', 100, 1, 0, 'COMPANY', '', '2026-04-01', '신규 협약기관입니다. 관리감독자 교육 100명 대규모 진행 예정이며, 기업계약 및 별도 견적 요청드립니다.', 'R', '대규모 단체 접수 건. 영업팀 연계 필요.', 2, NULL, '2026-03-23 10:00:00'),
(8, 'COMP003', '(주)안전파트너', '정안전', '031-555-1234', 'safety@partner.kr', 30, 2, 0, 'LEGAL', '개인정보보호', '2026-04-15', '개인정보보호교육 30명 접수 부탁드립니다. 수강생 명단 엑셀 첨부합니다.', 'W', NULL, 0, NULL, '2026-03-24 08:30:00')
ON DUPLICATE KEY UPDATE company_name = VALUES(company_name);
